et i be z(n). Let j(p) = 2*p - 3. Calculate j(i).
1
Let v(p) be the third derivative of 19*p**5/60 + 28*p**2. Let k be ((-2)/(-3))/(26/39). Determine v(k).
19
Let j = -29 - -35. Let c(q) = 9*q + 1. Determine c(j).
55
Let r(y) = y**2 - 13*y + 9. Let t(u) = 2*u**2 - 38*u - 32. Let i be t(20). Calculate r(i).
-31
Suppose -293*y + 15 = -298*y. Let r(k) = k**2 + 5*k - 6. What is r(y)?
-12
Let k(n) = -4*n + 61. Let j(x) = 3*x - 54. Let l(r) = 6*j(r) + 5*k(r). What is l(0)?
-19
Let r(t) = 9*t**2 - 2 + 9*t**2 + t + 13 - 31*t**2 + 11*t**2. Calculate r(-5).
-44
Let z(w) = 5*w - 17. Let v(c) = c - 1. Let a(n) = 6*v(n) - z(n). What is a(-12)?
-1
Let h(z) = -3*z**3 - z**2 + 4*z + 1. Suppose 0 = 13*u + 7 + 19. Determine h(u).
13
Let w(c) = -3*c - 2. Let k(f) = -96*f + 92. Let s be k(1). Calculate w(s).
10
Let k be 4/22 - 120/(-66). Let w(o) = -3*o + 128 - k*o + 9*o - 127. Determine w(-2).
-7
Let o(k) = -k**3 - 12*k**2 - 10*k + 5. Let a(g) = 48*g + g**2 + 6 + 1 - 24*g - 17*g + g**3. Let n be a(-2). What is o(n)?
-6
Let v(m) = -m**2 - 9*m - 7. Let f be ((-39)/(-9))/((-5)/15). What is v(f)?
-59
Suppose 0 = -4*u + 16, -4*c - 32 = -5*u + 40. Suppose -5*s - 95 = -0*s. Let v = c - s. Let f(d) = -d + 9. Calculate f(v).
3
Suppose 3*p = -3*c, 0 = -0*p + 2*p - 4*c + 12. Suppose 10*z - 21*z - 22 = 0. Let r be 3*(z + p/(-6)). Let d(b) = b**2 + 7*b + 6. What is d(r)?
-4
Let b(o) be the second derivative of o**4/12 + 2*o**3 - 59*o**2/2 - 192*o. What is b(-16)?
5
Let w(g) = -g + 2. Let x = -158 - -159. What is w(x)?
1
Suppose -6*n + 8*n = 10. Suppose -3*p - n + 22 = 5*f, 2*f = -p + 6. Let t(g) = -8*g**3 - g. What is t(f)?
-9
Let l be 14/10*5/6*-6. Let n(b) = -b**2. Let v(y) = 7*y**2 + 7*y + 6. Let i(r) = -6*n(r) - v(r). Determine i(l).
-6
Let l(d) = -14*d**2 - 17*d + 21. Let w(n) = -17*n**2 - 18*n + 20. Let h(t) = -6*l(t) + 5*w(t). Determine h(11).
-15
Let m(i) = i**2 + 7*i + 5. Suppose 0 = -2*q - 2*d - 8, 3*q + 18 = -2*d + 5*d. Let j be (q/(-3))/(1/(-3)). Give m(j).
-5
Let t be (-4 - 3/(-1))*1. Let u(r) be the first derivative of -r**5/60 - r**3 - 2. Let p(n) be the third derivative of u(n). What is p(t)?
2
Let n(p) = 3*p**3 - 9*p**2 + 9*p - 44. Let m(u) = u**3 - 3*u**2 + 3*u - 16. Let d(z) = -8*m(z) + 3*n(z). Suppose -3 + 0 = -r. Calculate d(r).
5
Let s(x) = 4*x**2 - 3 - x**2 - 6*x + 0*x**2. Let h(z) = 13*z**2 - 23*z - 13. Let f(v) = 2*h(v) - 9*s(v). Determine f(8).
1
Let c = -28 + 36. Let h(v) = -12 + c*v**2 + 0*v - v + 11. What is h(-1)?
8
Let u(q) = -q**3 - 8*q**2 + q + 5. Suppose 0*p + p + 6 = 0. Let o be (p/(-11))/(-3) - 172/22. Give u(o).
-3
Let c(g) = -7 + 0 - g + 9. Let m be (-5 + 1 + 2)*2/(-2). What is c(m)?
0
Let d(n) be the third derivative of 7*n**5/60 + n**4/6 + n**3/2 - n**2. Let p be 85/(-40) + 61/488. Give d(p).
23
Let g(d) be the first derivative of d**3 - 8 - 1/4*d**4 + 2*d - 3/2*d**2. Suppose v - 12 = -3*v. Give g(v).
-7
Let a(b) = 6*b + 2. Suppose -58 = -15*c + 44*c. What is a(c)?
-10
Let r(d) = -d**3 + 4*d**2 - 7*d + 6. Let h(f) = -9 - 3*f - 47 + 0. Let a be h(-20). Calculate r(a).
-22
Suppose -4*i + 5 = 9. Let g(u) = 8*u**3 - 7*u**2 - 5*u + 7. Let l(r) = 22*r**3 - 20*r**2 - 14*r + 20. Let q(h) = -17*g(h) + 6*l(h). Give q(i).
3
Let z = 85 + -80. Let h(l) = 3*l + 1. Let b(r) = 2*r. Let c(o) = -5*b(o) + 4*h(o). Determine c(z).
14
Let v(i) = -7*i**2 - 8. Let p(x) = x**2 + x + 1. Let c(h) = 5*h - 1. Let o be c(0). Let n(y) = o*v(y) - 6*p(y). What is n(5)?
-3
Let p(s) = -s + 5. Let y(b) = b**2 - b - 4. Let m be y(3). Suppose 0 = -2*u - m*i + 26, 3*i - 11 = -2*u + 4*i. Let k be u + 3*4/(-6). Give p(k).
-1
Let b(r) be the second derivative of -r**5/20 - r**4/6 - r**2/2 - 146*r. Give b(-2).
-1
Let j = -42 + 72. Suppose -4*w - 20 = 5*d + j, 4*d + w = -29. Let k be (-1)/2*(2 + d). Let l(r) = r + 1. Determine l(k).
3
Suppose -4*n = 3*g - 5, 4*n - 30*g + 27*g - 35 = 0. Let z(b) = 5*b + 4. Let w(i) = -9*i - 7. Let u(l) = 3*w(l) + 5*z(l). Determine u(n).
-11
Let m(c) = -4*c + 17. Let t(l) = l - 3. Let r(f) = -2*m(f) - 11*t(f). What is r(-4)?
11
Let n(a) = -6*a**2 - 21*a - 26. Let p(f) = -f**2 - 4*f - 5. Let w(i) = -2*n(i) + 11*p(i). Determine w(-2).
5
Let z(g) be the first derivative of -4*g - 1/3*g**3 + 1 - 1/4*g**4 + 0*g**2. Let o(f) = -3*f**2 + 121*f + 82. Let n be o(41). Give z(n).
-4
Let j(m) = -7*m - 6. Let y(v) = -15*v - 13. Suppose z = 3*z - 12. Let n(h) = z*y(h) - 13*j(h). Let t(p) = -44*p + 577. Let i be t(13). Give n(i).
5
Let j(r) = r**2 + 4. Let s(h) = h**2 - 2*h - 3. Let v be s(-2). Suppose 11 + 24 = v*q. Suppose 5*u - 10 = -5*m, 4*m + 3*u - q = -2*u. Give j(m).
13
Suppose 0 = -p - p - h - 5, -4*h - 12 = 0. Let l(r) = 10*r**2 + r + 1. Calculate l(p).
10
Let g(a) = -a**2 + 2*a + 1. Let m(c) = 31*c**2 - 5*c - 2. Let s(d) = 3*g(d) + m(d). Give s(-1).
28
Let c(y) = -y**2 - y - 1. Let s(h) = -h**3 - 10*h**2 - 12*h - 12. Let l be (3/(-7))/(-3) - 390/(-210). Let d(u) = l*c(u) - s(u). Determine d(-7).
-11
Let w(u) = 32*u - 43*u + 13*u - 3 + u**3 + 6*u**2. Calculate w(-3).
18
Suppose g - 4*c + 1 = -2, -5 = g - 5*c. Let k = -2 + 2. Let o(h) = -h + k*h - h + 4. Give o(g).
-6
Suppose n = -n + 36. Let q(a) = -a**2 - n - 3*a + 42 + 0*a**2 - 19. Give q(-4).
1
Let b(j) = -j - 7. Suppose -2*q = z - 10, 20 + 6 = 2*q + 5*z. Suppose 4*g - 3*c - q = 0, 0*c - 4 = -g + 4*c. Let m be b(g). Let d(y) = -2*y - 4. What is d(m)?
10
Suppose g - 17 = 4*p, 3*g - 17 = 4*p + 2. Let x(o) = 8 - 6*o**2 - g + 9*o**2 - 3*o - 4*o**2. Determine x(-6).
-11
Let d(z) = 9*z - 6. Let c(v) = 16*v - 11. Let y(o) = 4*c(o) - 7*d(o). Give y(-14).
-16
Let u(k) be the first derivative of -k**5/20 + k**4/3 - k**3/6 - 8*k - 16. Let o(a) be the first derivative of u(a). Give o(2).
6
Let l(b) be the second derivative of -b**5/20 - 5*b**4/12 - 5*b**3/6 - 3*b**2/2 + 141*b. Give l(-3).
-6
Let d(g) = -2*g**3 - 2. Let q = 10 - -30. Let j be (-16)/q*(2 - -3). What is d(j)?
14
Let j be (-1)/((-2)/((-2)/1)). Let a(q) be the second derivative of -1/2*q**2 - 1/3*q**3 + 0 - 1/2*q**4 - 7*q. Give a(j).
-5
Let v(q) = -q**2 - 7*q - 3. Let c be v(-6). Suppose 2*m + 5 = c*m. Let u(p) = 201*p + 7*p**2 + m*p**2 - 200*p. Calculate u(-1).
11
Suppose -2*b + 2*y = 18, 2*b + 23 = -y + 4*y. Let p(c) = 1655*c + c**3 + 0*c**3 + 2*c**2 - 1660*c + c**2 + 2. Calculate p(b).
6
Let q(m) be the second derivative of -m**4/6 + 7*m**3/6 + 3*m**2 + 526*m. What is q(6)?
-24
Let n = 60 - 61. Let i(w) = -2*w**3 - 2*w**2 - 4*w - 3. Let m(l) = -5*l**3 - 4*l**2 - 7*l - 5. Let c(f) = 7*i(f) - 4*m(f). What is c(n)?
-5
Let z be 6/(-9) - (-14)/3. Let v(u) = -1 - u + u + 5*u - z*u. What is v(2)?
1
Suppose 2*z + q - 5*q - 10 = 0, -4*z + 50 = 2*q. Suppose -s + 67 = z. Let v(k) = -1 + 26*k**2 + 34*k**2 - s*k**2 - k**3 + 7*k. What is v(5)?
9
Let s(x) = 2*x**3 - x**2 + 1. Let n be s(1). Let b(m) = -m**2 + m - 1. Calculate b(n).
-3
Let i = 33 + -38. Let d(q) = -1 - 5*q**2 + 1 + 4*q**2 + q**3. Let u(b) = 5*b**3 - 10*b**2 + 6*b - 6. Let m(h) = 6*d(h) - u(h). What is m(i)?
11
Let t(y) = -y**2 + y - 3. Suppose 2*k - 3*k + 4*b + 22 = 0, -k = 3*b + 6. Let l(a) be the first derivative of 3*a**2/2 - 15*a + 3. Let z be l(k). What is t(z)?
-9
Suppose 3*z - 29 = -4*r, 2*z = -5*r - 2*z + 37. Let y(o) = 0*o + 2 - r*o + 2*o + 4*o. Give y(2).
4
Let h(a) be the third derivative of 5*a**4/24 + a**3/3 - 2*a**2. Let i(k) = -2*k**3 - 4*k**2 - 3*k - 2. Let j be i(-2). Suppose -12 = 4*q - j. Determine h(q).
-8
Let u(g) = g**2 - 28*g + 33. Let w be u(27). Let k(v) = v**3 - 7*v**2 + 4*v + 4. Determine k(w).
-8
Let p = -48 + 50. Suppose -4 = -p*l + 7*a - 3*a, -a = 2*l + 1. Let x(g) = -g + 2. Give x(l).
2
Let h(y) = y**3 - 5*y**2 - 5*y + 3. Let r be h(-2). Let z(m) = -2*m - 33. Calculate z(r).
-3
Let t(m) = -16*m + 8*m + 5 + 9*m. Suppose 3*z - 4*l = 4, l + 20 = -4*z - 0*l. What is t(z)?
1
Let z(b) = -2*b**2 - 3*b - 1. Suppose 137 = -2*q + 129. Determine z(q).
-21
Let w(p) = -p**2 + 6*p - 5. Let x(d) = -d**3 + 15*d**2 + 17*d - 19. Let n be x(16). Let j = 1 - n. Determine w(j).
3
Let b(u) = u**3 + 14 - 7*u**2 + 13 + 6*u - 32. Suppose -2*y + 1 = -11. Calculate b(y).
-5
Let i be 24/20 + 42/(-35). Let k(z) = -2*z - 10. What is k(i)?
-10
Let r(v) = 5*v + 6. Let b(d) = -d - 2. Let s(u) = -6*b(u) - r(u). Determine s(-14).
-8
Let g(y) = -9*y**2 + 13*y + 4. Let i(m) = -5*m**2 + 7*m + 2. Le